{"id":44,"date":"2020-07-07T08:06:32","date_gmt":"2020-07-07T13:06:32","guid":{"rendered":"https:\/\/laboratorioabba.co\/web\/?page_id=44"},"modified":"2021-11-17T12:49:07","modified_gmt":"2021-11-17T17:49:07","slug":"comunicaciones","status":"publish","type":"page","link":"https:\/\/laboratorioabba.co\/web\/comunicaciones\/","title":{"rendered":"Comunicaciones"},"content":{"rendered":"<p>[et_pb_section fb_built=\u00bb1&#8243; _builder_version=\u00bb4.3.2&#8243; background_color=\u00bb#117cc0&#8243; custom_padding=\u00bb0px||0px|||\u00bb global_module=\u00bb185&#8243; saved_tabs=\u00bball\u00bb][et_pb_row disabled_on=\u00bbon|on|off\u00bb _builder_version=\u00bb4.3.2&#8243; custom_padding=\u00bb14px||25px|||\u00bb][et_pb_column type=\u00bb4_4&#8243; _builder_version=\u00bb4.3.2&#8243;][et_pb_text _builder_version=\u00bb4.3.2&#8243; text_orientation=\u00bbcenter\u00bb]<\/p>\n<p><a href=\"https:\/\/laboratorioabba.co\/web\/\"><img loading=\"lazy\" decoding=\"async\" src=\"http:\/\/laboratorioabba.co\/web\/wp-content\/uploads\/2020\/07\/laboratorio_abba_logo.png\" width=\"532\" height=\"117\" alt=\"Laboratorio ABBA\" class=\"wp-image-64 alignnone size-full\" \/><\/a>\u00a0 \u00a0 \u00a0 \u00a0 \u00a0 \u00a0 \u00a0 \u00a0 \u00a0 \u00a0\u00a0<a href=\"https:\/\/laboratorioabba.co\/web\/\"><img loading=\"lazy\" decoding=\"async\" src=\"http:\/\/laboratorioabba.co\/web\/wp-content\/uploads\/2021\/04\/centro_de_especialistas_abba_health.png\" width=\"175\" height=\"250\" alt=\"Abba health centro de especialistas\" class=\"wp-image-1097 alignnone size-full\" \/><\/a><\/p>\n<p>[\/et_pb_text][\/et_pb_column][\/et_pb_row][et_pb_row disabled_on=\u00bboff|off|on\u00bb _builder_version=\u00bb4.3.2&#8243; custom_padding=\u00bb14px||25px|||\u00bb][et_pb_column type=\u00bb4_4&#8243; _builder_version=\u00bb4.3.2&#8243;][et_pb_text _builder_version=\u00bb4.3.2&#8243; text_orientation=\u00bbcenter\u00bb]<\/p>\n<p><a href=\"https:\/\/laboratorioabba.co\/web\/\"><img loading=\"lazy\" decoding=\"async\" src=\"http:\/\/laboratorioabba.co\/web\/wp-content\/uploads\/2020\/07\/laboratorio_abba_logo.png\" width=\"532\" height=\"117\" alt=\"Laboratorio ABBA\" class=\"wp-image-64 alignnone size-full\" \/><\/a>\u00a0<a href=\"https:\/\/laboratorioabba.co\/web\/\"><img loading=\"lazy\" decoding=\"async\" src=\"http:\/\/laboratorioabba.co\/web\/wp-content\/uploads\/2021\/04\/centro_de_especialistas_abba_health.png\" width=\"140\" height=\"250\" alt=\"Abba health centro de especialistas\" class=\"wp-image-1097 alignnone size-full\" \/><\/a><\/p>\n<p>[\/et_pb_text][\/et_pb_column][\/et_pb_row][\/et_pb_section][et_pb_section fb_built=\u00bb1&#8243; fullwidth=\u00bbon\u00bb _builder_version=\u00bb4.3.2&#8243; global_module=\u00bb187&#8243; saved_tabs=\u00bball\u00bb][et_pb_fullwidth_menu menu_id=\u00bb3&#8243; menu_style=\u00bbcentered\u00bb fullwidth_menu=\u00bbon\u00bb active_link_color=\u00bb#004f9f\u00bb _builder_version=\u00bb4.3.2&#8243; menu_font=\u00bbMontserrat|600|||||||\u00bb menu_text_color=\u00bb#ffffff\u00bb menu_font_size=\u00bb13px\u00bb background_color=\u00bb#f9af1a\u00bb custom_padding=\u00bb||0px|||\u00bb][\/et_pb_fullwidth_menu][\/et_pb_section][et_pb_section fb_built=\u00bb1&#8243; _builder_version=\u00bb4.3.2&#8243; background_image=\u00bbhttp:\/\/laboratorioabba.co\/web\/wp-content\/uploads\/2020\/08\/comunicaciones_laboratorio_abba_noticias-.png\u00bb custom_padding=\u00bb141px||139px|||\u00bb bottom_divider_style=\u00bbramp2&#8243; bottom_divider_color=\u00bb#ffffff\u00bb bottom_divider_height=\u00bb137px\u00bb][\/et_pb_section][et_pb_section fb_built=\u00bb1&#8243; _builder_version=\u00bb4.3.2&#8243; custom_padding=\u00bb29px||63px|||\u00bb][et_pb_row _builder_version=\u00bb4.3.2&#8243; custom_padding=\u00bb||46px|||\u00bb][et_pb_column type=\u00bb4_4&#8243; _builder_version=\u00bb4.3.2&#8243;][et_pb_text _builder_version=\u00bb4.3.2&#8243; text_font=\u00bbMontserrat|700||on|||||\u00bb text_text_color=\u00bb#216cae\u00bb text_font_size=\u00bb35px\u00bb text_line_height=\u00bb1.2em\u00bb text_orientation=\u00bbcenter\u00bb custom_margin=\u00bb||9px|||\u00bb]<\/p>\n<p>| comunicaciones<\/p>\n<p>[\/et_pb_text][\/et_pb_column][\/et_pb_row][et_pb_row _builder_version=\u00bb4.3.2&#8243;][et_pb_column type=\u00bb4_4&#8243; _builder_version=\u00bb4.3.2&#8243;][et_pb_blog fullwidth=\u00bboff\u00bb include_categories=\u00bb7&#8243; excerpt_length=\u00bb150&#8243; show_more=\u00bbon\u00bb show_author=\u00bboff\u00bb show_date=\u00bboff\u00bb show_categories=\u00bboff\u00bb masonry_tile_background_color=\u00bb#ffffff\u00bb _builder_version=\u00bb4.3.2&#8243; header_font=\u00bbMontserrat|700|||||||\u00bb header_text_color=\u00bb#216cae\u00bb header_line_height=\u00bb1.2em\u00bb body_font=\u00bbMontserrat||||||||\u00bb body_text_align=\u00bbjustify\u00bb read_more_font=\u00bbMontserrat|600|||||||\u00bb read_more_text_color=\u00bb#216cae\u00bb read_more_line_height=\u00bb2.2em\u00bb][\/et_pb_blog][\/et_pb_column][\/et_pb_row][et_pb_row _builder_version=\u00bb4.3.2&#8243;][et_pb_column type=\u00bb4_4&#8243; _builder_version=\u00bb4.3.2&#8243;][et_pb_text _builder_version=\u00bb4.3.2&#8243; text_font=\u00bbMontserrat|700||on|||||\u00bb text_text_color=\u00bb#216cae\u00bb text_font_size=\u00bb35px\u00bb text_line_height=\u00bb1.2em\u00bb text_orientation=\u00bbcenter\u00bb custom_margin=\u00bb||9px|||\u00bb]<\/p>\n<p>| Redes sociales<\/p>\n<p>[\/et_pb_text][\/et_pb_column][\/et_pb_row][et_pb_row column_structure=\u00bb1_2,1_2&#8243; _builder_version=\u00bb4.3.2&#8243;][et_pb_column type=\u00bb1_2&#8243; _builder_version=\u00bb4.3.2&#8243;][et_pb_code _builder_version=\u00bb4.3.2&#8243;]<pee><center><iframe loading=\"lazy\" src=\"https:\/\/www.facebook.com\/plugins\/page.php?href=https:\/\/www.facebook.com\/laboratorioabba.bq&#038;tabs=timeline&#038;width=340&#038;height=500&#038;small_header=false&#038;adapt_container_width=true&#038;hide_cover=false&#038;show_facepile=true&#038;appId=405758190617526\" width=\"340\" height=\"500\" style=\"border: none; overflow: hidden;\" scrolling=\"no\" frameborder=\"0\" allowfullscreen=\"true\" allow=\"autoplay; clipboard-write; encrypted-media; picture-in-picture; web-share\"><\/iframe><\/center><\/pee>[\/et_pb_code][\/et_pb_column][et_pb_column type=\u00bb1_2&#8243; _builder_version=\u00bb4.3.2&#8243;][et_pb_code _builder_version=\u00bb4.3.2&#8243; hover_enabled=\u00bb0&#8243;][jr_instagram id=\u00bb1&#8243;][\/et_pb_code][\/et_pb_column][\/et_pb_row][\/et_pb_section][et_pb_section fb_built=\u00bb1&#8243; specialty=\u00bbon\u00bb _builder_version=\u00bb4.3.2&#8243; background_color=\u00bb#f4f4f4&#8243; custom_padding=\u00bb20px||11px|||\u00bb global_module=\u00bb189&#8243; saved_tabs=\u00bball\u00bb][et_pb_column type=\u00bb1_2&#8243; specialty_columns=\u00bb2&#8243; _builder_version=\u00bb3.25&#8243; custom_padding=\u00bb|||\u00bb custom_padding__hover=\u00bb|||\u00bb][et_pb_row_inner column_structure=\u00bb1_2,1_2&#8243; _builder_version=\u00bb4.3.2&#8243;][et_pb_column_inner type=\u00bb1_2&#8243; saved_specialty_column_type=\u00bb1_2&#8243; _builder_version=\u00bb4.3.2&#8243;][et_pb_text _builder_version=\u00bb4.3.2&#8243; text_font=\u00bbMontserrat|600|||||||\u00bb text_text_color=\u00bb#216cae\u00bb text_font_size=\u00bb21px\u00bb]<\/p>\n<p>| Men\u00fa<\/p>\n<p>[\/et_pb_text][et_pb_text _builder_version=\u00bb4.3.2&#8243; text_font=\u00bbMontserrat||||||||\u00bb text_font_size=\u00bb15px\u00bb text_line_height=\u00bb1.5em\u00bb]<\/p>\n<p><span style=\"color: #808080;\"><a href=\"https:\/\/laboratorioabba.co\/web\/\" target=\"_blank\" rel=\"noopener noreferrer\" style=\"color: #808080;\">Inicio<\/a><\/span><br \/><span style=\"color: #808080;\"><a href=\"https:\/\/laboratorioabba.co\/web\/laboratorio-clinico\/\" style=\"color: #808080;\">Laboratorio Cl\u00ednico<\/a><\/span><br \/> <span style=\"color: #808080;\"> <a href=\"http:\/\/www.resultadoslab.com.co\/resultadoslab\/vistas\/login.php?id=QUJCQUxBQg==\" target=\"_blank\" rel=\"noopener noreferrer\" style=\"color: #808080;\">Consulta de Resultados<\/a><\/span><br \/> <span style=\"color: #808080;\"> <a href=\"https:\/\/laboratorioabba.co\/web\/contacto\/\" style=\"color: #808080;\">Cont\u00e1ctenos<\/a><\/span><\/p>\n<p>[\/et_pb_text][\/et_pb_column_inner][et_pb_column_inner type=\u00bb1_2&#8243; saved_specialty_column_type=\u00bb1_2&#8243; _builder_version=\u00bb4.3.2&#8243;][et_pb_text _builder_version=\u00bb4.3.2&#8243; text_font=\u00bbMontserrat|600|||||||\u00bb text_text_color=\u00bb#216cae\u00bb text_font_size=\u00bb21px\u00bb]<\/p>\n<p>| Cont\u00e1ctenos<\/p>\n<p>[\/et_pb_text][et_pb_text _builder_version=\u00bb4.3.2&#8243; text_font=\u00bbMontserrat||||||||\u00bb text_font_size=\u00bb15px\u00bb text_line_height=\u00bb1.5em\u00bb]<\/p>\n<p style=\"text-align: left;\"><span style=\"color: #808080;\">Laboratorio:<br \/> <a href=\"https:\/\/api.whatsapp.com\/send\/?phone=573135451835&amp;text=Hola%2C+te+escribo+desde+la+p%C3%A1gina+de+laboratorio+abba&amp;app_absent=0\" target=\"_blank\" rel=\"noopener noreferrer\" style=\"color: #808080;\"><img loading=\"lazy\" decoding=\"async\" src=\"http:\/\/laboratorioabba.co\/web\/wp-content\/uploads\/2020\/11\/whatsapp-.png\" width=\"16\" height=\"15\" alt=\"\" class=\"wp-image-985 alignnone size-full\" \/><\/a>\u00a0 <a href=\"https:\/\/api.whatsapp.com\/send\/?phone=573135451835&amp;text=Hola%2C+te+escribo+desde+la+p%C3%A1gina+de+laboratorio+abba&amp;app_absent=0\" target=\"_blank\" rel=\"noopener noreferrer\" style=\"color: #808080;\">(313) 545 1835<\/a><a href=\"tel:\/\/0353588391\" target=\"_blank\" rel=\"noopener noreferrer\" style=\"color: #808080;\"><br \/> <img loading=\"lazy\" decoding=\"async\" src=\"http:\/\/laboratorioabba.co\/web\/wp-content\/uploads\/2020\/11\/telefono.png\" width=\"16\" height=\"15\" alt=\"\" class=\"wp-image-986 alignnone size-full\" \/><\/a> \u00a0<a href=\"tel:\/\/0353588391\" target=\"_blank\" rel=\"noopener noreferrer\" style=\"color: #808080;\">(57) (5) 358 8391<\/a><a href=\"tel:\/\/0353567024\" target=\"_blank\" rel=\"noopener noreferrer\" style=\"color: #808080;\"><br \/> <img loading=\"lazy\" decoding=\"async\" src=\"http:\/\/laboratorioabba.co\/web\/wp-content\/uploads\/2020\/11\/telefono.png\" width=\"16\" height=\"15\" alt=\"\" class=\"wp-image-986 alignnone size-full\" \/><\/a> \u00a0<a href=\"tel:\/\/0353567024\" target=\"_blank\" rel=\"noopener noreferrer\" style=\"color: #808080;\">(57) (5) 356 7024<\/a><br \/> <\/span><\/p>\n<p style=\"text-align: left;\"><span style=\"color: #808080;\">Pruebas <strong>COVID-19<\/strong>:<br \/> <a href=\"https:\/\/api.whatsapp.com\/send\/?phone=573232202431&amp;text=Hola%2C+te+escribo+desde+la+p%C3%A1gina+de+laboratorio+abba&amp;app_absent=0\" target=\"_blank\" rel=\"noopener noreferrer\" style=\"color: #808080;\"><img loading=\"lazy\" decoding=\"async\" src=\"http:\/\/laboratorioabba.co\/web\/wp-content\/uploads\/2020\/11\/whatsapp-.png\" width=\"16\" height=\"15\" alt=\"\" class=\"wp-image-985 alignnone size-full\" \/><\/a>\u00a0 <a href=\"https:\/\/api.whatsapp.com\/send\/?phone=573232202431&amp;text=Hola%2C+te+escribo+desde+la+p%C3%A1gina+de+laboratorio+abba&amp;app_absent=0\" target=\"_blank\" rel=\"noopener noreferrer\" style=\"color: #808080;\">(323) 220 2431<\/a><\/span><\/p>\n<p style=\"text-align: left;\"><span style=\"color: #808080;\">Vacunaci\u00f3n:<br \/> <a href=\"https:\/\/api.whatsapp.com\/send\/?phone=573136649692&amp;text=Hola%2C+te+escribo+desde+la+p%C3%A1gina+de+laboratorio+abba&amp;app_absent=0\" target=\"_blank\" rel=\"noopener noreferrer\" style=\"color: #808080;\"><img loading=\"lazy\" decoding=\"async\" src=\"http:\/\/laboratorioabba.co\/web\/wp-content\/uploads\/2020\/11\/whatsapp-.png\" width=\"16\" height=\"15\" alt=\"\" class=\"wp-image-985 alignnone size-full\" \/><\/a>\u00a0 <a href=\"https:\/\/api.whatsapp.com\/send\/?phone=573136649692&amp;text=Hola%2C+te+escribo+desde+la+p%C3%A1gina+de+laboratorio+abba&amp;app_absent=0\" target=\"_blank\" rel=\"noopener noreferrer\" style=\"color: #808080;\">(313) 664 9692<\/a><br \/> <a href=\"https:\/\/api.whatsapp.com\/send\/?phone=573046574686&amp;text=Hola%2C+te+escribo+desde+la+p%C3%A1gina+de+laboratorio+abba&amp;app_absent=0\" target=\"_blank\" rel=\"noopener noreferrer\" style=\"color: #808080;\"><img loading=\"lazy\" decoding=\"async\" src=\"http:\/\/laboratorioabba.co\/web\/wp-content\/uploads\/2020\/11\/whatsapp-.png\" width=\"16\" height=\"15\" alt=\"\" class=\"wp-image-985 alignnone size-full\" \/><\/a>\u00a0 <a href=\"https:\/\/api.whatsapp.com\/send\/?phone=573046574686&amp;text=Hola%2C+te+escribo+desde+la+p%C3%A1gina+de+laboratorio+abba&amp;app_absent=0\" target=\"_blank\" rel=\"noopener noreferrer\" style=\"color: #808080;\">(304) 657 4686<\/a>\u00a0\u00a0<a href=\"tel:\/\/0353571589\" target=\"_blank\" rel=\"noopener noreferrer\" style=\"color: #808080;\"><br \/> <img loading=\"lazy\" decoding=\"async\" src=\"http:\/\/laboratorioabba.co\/web\/wp-content\/uploads\/2020\/11\/telefono.png\" width=\"16\" height=\"15\" alt=\"\" class=\"wp-image-986 alignnone size-full\" \/><\/a> \u00a0<a href=\"tel:\/\/0353571589\" target=\"_blank\" rel=\"noopener noreferrer\" style=\"color: #808080;\">(57) (5) 3571589<\/a><br \/> <\/span><\/p>\n<p><span style=\"color: #808080;\">info@laboratorioabba.co<\/span><\/p>\n<p><span style=\"color: #808080;\">Carrera 49C N\u00ba 84 &#8211; 83<\/span><br \/><span style=\"color: #808080;\"> Barranquilla &#8211; Colombia<\/span><\/p>\n<p>[\/et_pb_text][\/et_pb_column_inner][\/et_pb_row_inner][et_pb_row_inner _builder_version=\u00bb4.3.2&#8243; custom_padding=\u00bb||45px|||\u00bb][et_pb_column_inner saved_specialty_column_type=\u00bb1_2&#8243; _builder_version=\u00bb4.3.2&#8243;][et_pb_text _builder_version=\u00bb4.3.2&#8243; text_font=\u00bbMontserrat|600|||||||\u00bb text_text_color=\u00bb#216cae\u00bb text_font_size=\u00bb21px\u00bb]<\/p>\n<p>| Suscr\u00edbete<\/p>\n<p>[\/et_pb_text][et_pb_contact_form use_spam_service=\u00bbon\u00bb recaptcha_list=\u00bbLab ABBA|Lab ABBA-0&#8243; email=\u00bbinfo@laboratorioabba.co\u00bb custom_message=\u00bbAgregar a la base de datos.||et_pb_line_break_holder||||et_pb_line_break_holder||Correo electr\u00f3nico: %%Correo_electr\u00f3nico%%\u00bb submit_button_text=\u00bbEnviar\u00bb _builder_version=\u00bb4.3.2&#8243; form_field_background_color=\u00bb#ffffff\u00bb form_field_text_color=\u00bb#6d6d6d\u00bb captcha_font=\u00bbMontserrat||||||||\u00bb form_field_font=\u00bbMontserrat||||||||\u00bb form_field_text_align=\u00bbleft\u00bb custom_button=\u00bbon\u00bb button_text_size=\u00bb14px\u00bb button_text_color=\u00bb#ffffff\u00bb button_bg_color=\u00bb#216cae\u00bb button_border_width=\u00bb0px\u00bb button_border_radius=\u00bb13px\u00bb button_font=\u00bbMontserrat|600|||||||\u00bb border_radii=\u00bbon|13px|13px|13px|13px\u00bb border_width_all=\u00bb1px\u00bb border_color_all=\u00bbrgba(109,109,109,0.22)\u00bb][et_pb_contact_field field_id=\u00bbCorreo_electr\u00f3nico\u00bb field_title=\u00bbCorreo electr\u00f3nico:\u00bb field_type=\u00bbemail\u00bb fullwidth_field=\u00bbon\u00bb _builder_version=\u00bb4.3.2&#8243; button_text_size__hover_enabled=\u00bboff\u00bb button_one_text_size__hover_enabled=\u00bboff\u00bb button_two_text_size__hover_enabled=\u00bboff\u00bb button_text_color__hover_enabled=\u00bboff\u00bb button_one_text_color__hover_enabled=\u00bboff\u00bb button_two_text_color__hover_enabled=\u00bboff\u00bb button_border_width__hover_enabled=\u00bboff\u00bb button_one_border_width__hover_enabled=\u00bboff\u00bb button_two_border_width__hover_enabled=\u00bboff\u00bb button_border_color__hover_enabled=\u00bboff\u00bb button_one_border_color__hover_enabled=\u00bboff\u00bb button_two_border_color__hover_enabled=\u00bboff\u00bb button_border_radius__hover_enabled=\u00bboff\u00bb button_one_border_radius__hover_enabled=\u00bboff\u00bb button_two_border_radius__hover_enabled=\u00bboff\u00bb button_letter_spacing__hover_enabled=\u00bboff\u00bb button_one_letter_spacing__hover_enabled=\u00bboff\u00bb button_two_letter_spacing__hover_enabled=\u00bboff\u00bb button_bg_color__hover_enabled=\u00bboff\u00bb button_one_bg_color__hover_enabled=\u00bboff\u00bb button_two_bg_color__hover_enabled=\u00bboff\u00bb][\/et_pb_contact_field][\/et_pb_contact_form][\/et_pb_column_inner][\/et_pb_row_inner][\/et_pb_column][et_pb_column type=\u00bb1_2&#8243; _builder_version=\u00bb3.25&#8243; custom_padding=\u00bb|||\u00bb custom_padding__hover=\u00bb|||\u00bb][et_pb_text _builder_version=\u00bb4.3.2&#8243; text_font=\u00bbMontserrat|600|||||||\u00bb text_text_color=\u00bb#216cae\u00bb text_font_size=\u00bb21px\u00bb custom_margin=\u00bb||16px|||\u00bb]<\/p>\n<p>| Ub\u00edcanos<\/p>\n<p>[\/et_pb_text][et_pb_code _builder_version=\u00bb4.3.2&#8243;]<iframe loading=\"lazy\" src=\"https:\/\/www.google.com\/maps\/embed?pb=!1m14!1m8!1m3!1d979.1178947583375!2d-74.81955083549137!3d11.00320124069237!3m2!1i1024!2i768!4f13.1!3m3!1m2!1s0x0%3A0x6fc56f27c79fd356!2sLaboratorio%20A.B.B.A.!5e0!3m2!1ses!2sco!4v1594140135686!5m2!1ses!2sco\" width=\"600\" height=\"400\" frameborder=\"0\" style=\"border:0;\" allowfullscreen=\"\" aria-hidden=\"false\" tabindex=\"0\"><\/iframe>[\/et_pb_code][\/et_pb_column][\/et_pb_section][et_pb_section fb_built=\u00bb1&#8243; _builder_version=\u00bb4.3.2&#8243; background_color=\u00bb#216cae\u00bb custom_padding=\u00bb0px||0px|||\u00bb global_module=\u00bb190&#8243; saved_tabs=\u00bball\u00bb][et_pb_row _builder_version=\u00bb4.3.2&#8243; custom_padding=\u00bb16px||15px|||\u00bb][et_pb_column type=\u00bb4_4&#8243; _builder_version=\u00bb4.3.2&#8243;][et_pb_text _builder_version=\u00bb4.3.2&#8243; text_font=\u00bbMontserrat||||||||\u00bb text_text_color=\u00bb#ffffff\u00bb text_orientation=\u00bbcenter\u00bb]<\/p>\n<p>Todos los derechos reservados para <strong><span style=\"color: #ffffff;\"><a href=\"https:\/\/laboratorioabba.co\/web\/\" style=\"color: #ffffff;\">Laboratorio A.B.B.A<\/a><\/span> <\/strong>| Dise\u00f1ado por <span style=\"color: #ffffff;\"><a href=\"https:\/\/www.publicidadvirtual.com.co\/\" target=\"_blank\" rel=\"noopener noreferrer\" style=\"color: #ffffff;\"><strong>Publicidad Virtual<\/strong><\/a><\/span><\/p>\n<p>[\/et_pb_text][\/et_pb_column][\/et_pb_row][\/et_pb_section]<\/p>\n","protected":false},"excerpt":{"rendered":"<p>\u00a0 \u00a0 \u00a0 \u00a0 \u00a0 \u00a0 \u00a0 \u00a0 \u00a0 \u00a0\u00a0\u00a0| comunicaciones| Redes sociales[jr_instagram id=\u00bb1&#8243;]| Men\u00faInicioLaboratorio Cl\u00ednico Consulta de Resultados Cont\u00e1ctenos| Cont\u00e1ctenosLaboratorio: \u00a0 (313) 545 1835 \u00a0(57) (5) 358 8391 \u00a0(57) (5) 356 7024 Pruebas COVID-19: \u00a0 (323) 220 2431 Vacunaci\u00f3n: \u00a0 (313) 664 9692 \u00a0 (304) 657 4686\u00a0\u00a0 \u00a0(57) (5) 3571589 info@laboratorioabba.co Carrera 49C N\u00ba [&hellip;]<\/p>\n","protected":false},"author":3,"featured_media":0,"parent":0,"menu_order":0,"comment_status":"closed","ping_status":"closed","template":"page-template-blank.php","meta":{"_et_pb_use_builder":"on","_et_pb_old_content":"<!-- wp:divi\/placeholder \/-->","_et_gb_content_width":"","footnotes":""},"class_list":["post-44","page","type-page","status-publish","hentry"],"yoast_head":"<!-- This site is optimized with the Yoast SEO plugin v27.5 - https:\/\/yoast.com\/product\/yoast-seo-wordpress\/ -->\n<title>Comunicaciones - Laboratorios ABBA<\/title>\n<meta name=\"robots\" content=\"index, follow, max-snippet:-1, max-image-preview:large, max-video-preview:-1\" \/>\n<link rel=\"canonical\" href=\"https:\/\/laboratorioabba.co\/web\/comunicaciones\/\" \/>\n<meta property=\"og:locale\" content=\"es_ES\" \/>\n<meta property=\"og:type\" content=\"article\" \/>\n<meta property=\"og:title\" content=\"Comunicaciones - Laboratorios ABBA\" \/>\n<meta property=\"og:description\" content=\"\u00a0 \u00a0 \u00a0 \u00a0 \u00a0 \u00a0 \u00a0 \u00a0 \u00a0 \u00a0\u00a0\u00a0| comunicaciones| Redes sociales[jr_instagram id=&quot;1&quot;]| Men\u00faInicioLaboratorio Cl\u00ednico Consulta de Resultados Cont\u00e1ctenos| Cont\u00e1ctenosLaboratorio: \u00a0 (313) 545 1835 \u00a0(57) (5) 358 8391 \u00a0(57) (5) 356 7024 Pruebas COVID-19: \u00a0 (323) 220 2431 Vacunaci\u00f3n: \u00a0 (313) 664 9692 \u00a0 (304) 657 4686\u00a0\u00a0 \u00a0(57) (5) 3571589 info@laboratorioabba.co Carrera 49C N\u00ba [&hellip;]\" \/>\n<meta property=\"og:url\" content=\"https:\/\/laboratorioabba.co\/web\/comunicaciones\/\" \/>\n<meta property=\"og:site_name\" content=\"Laboratorios ABBA\" \/>\n<meta property=\"article:modified_time\" content=\"2021-11-17T17:49:07+00:00\" \/>\n<meta property=\"og:image\" content=\"http:\/\/laboratorioabba.co\/web\/wp-content\/uploads\/2020\/07\/laboratorio_abba_logo.png\" \/>\n<meta name=\"twitter:card\" content=\"summary_large_image\" \/>\n<meta name=\"twitter:label1\" content=\"Tiempo de lectura\" \/>\n\t<meta name=\"twitter:data1\" content=\"5 minutos\" \/>\n<script type=\"application\/ld+json\" class=\"yoast-schema-graph\">{\"@context\":\"https:\\\/\\\/schema.org\",\"@graph\":[{\"@type\":\"WebPage\",\"@id\":\"https:\\\/\\\/laboratorioabba.co\\\/web\\\/comunicaciones\\\/\",\"url\":\"https:\\\/\\\/laboratorioabba.co\\\/web\\\/comunicaciones\\\/\",\"name\":\"Comunicaciones - Laboratorios ABBA\",\"isPartOf\":{\"@id\":\"https:\\\/\\\/laboratorioabba.co\\\/web\\\/#website\"},\"primaryImageOfPage\":{\"@id\":\"https:\\\/\\\/laboratorioabba.co\\\/web\\\/comunicaciones\\\/#primaryimage\"},\"image\":{\"@id\":\"https:\\\/\\\/laboratorioabba.co\\\/web\\\/comunicaciones\\\/#primaryimage\"},\"thumbnailUrl\":\"http:\\\/\\\/laboratorioabba.co\\\/web\\\/wp-content\\\/uploads\\\/2020\\\/07\\\/laboratorio_abba_logo.png\",\"datePublished\":\"2020-07-07T13:06:32+00:00\",\"dateModified\":\"2021-11-17T17:49:07+00:00\",\"breadcrumb\":{\"@id\":\"https:\\\/\\\/laboratorioabba.co\\\/web\\\/comunicaciones\\\/#breadcrumb\"},\"inLanguage\":\"es\",\"potentialAction\":[{\"@type\":\"ReadAction\",\"target\":[\"https:\\\/\\\/laboratorioabba.co\\\/web\\\/comunicaciones\\\/\"]}]},{\"@type\":\"ImageObject\",\"inLanguage\":\"es\",\"@id\":\"https:\\\/\\\/laboratorioabba.co\\\/web\\\/comunicaciones\\\/#primaryimage\",\"url\":\"https:\\\/\\\/laboratorioabba.co\\\/web\\\/wp-content\\\/uploads\\\/2020\\\/07\\\/laboratorio_abba_logo.png\",\"contentUrl\":\"https:\\\/\\\/laboratorioabba.co\\\/web\\\/wp-content\\\/uploads\\\/2020\\\/07\\\/laboratorio_abba_logo.png\",\"width\":532,\"height\":117,\"caption\":\"Laboratorio ABBA\"},{\"@type\":\"BreadcrumbList\",\"@id\":\"https:\\\/\\\/laboratorioabba.co\\\/web\\\/comunicaciones\\\/#breadcrumb\",\"itemListElement\":[{\"@type\":\"ListItem\",\"position\":1,\"name\":\"Portada\",\"item\":\"https:\\\/\\\/laboratorioabba.co\\\/web\\\/\"},{\"@type\":\"ListItem\",\"position\":2,\"name\":\"Comunicaciones\"}]},{\"@type\":\"WebSite\",\"@id\":\"https:\\\/\\\/laboratorioabba.co\\\/web\\\/#website\",\"url\":\"https:\\\/\\\/laboratorioabba.co\\\/web\\\/\",\"name\":\"Laboratorios ABBA\",\"description\":\"Laboratorio cl&iacute;nico en Barranquilla\",\"potentialAction\":[{\"@type\":\"SearchAction\",\"target\":{\"@type\":\"EntryPoint\",\"urlTemplate\":\"https:\\\/\\\/laboratorioabba.co\\\/web\\\/?s={search_term_string}\"},\"query-input\":{\"@type\":\"PropertyValueSpecification\",\"valueRequired\":true,\"valueName\":\"search_term_string\"}}],\"inLanguage\":\"es\"}]}<\/script>\n<!-- \/ Yoast SEO plugin. -->","yoast_head_json":{"title":"Comunicaciones - Laboratorios ABBA","robots":{"index":"index","follow":"follow","max-snippet":"max-snippet:-1","max-image-preview":"max-image-preview:large","max-video-preview":"max-video-preview:-1"},"canonical":"https:\/\/laboratorioabba.co\/web\/comunicaciones\/","og_locale":"es_ES","og_type":"article","og_title":"Comunicaciones - Laboratorios ABBA","og_description":"\u00a0 \u00a0 \u00a0 \u00a0 \u00a0 \u00a0 \u00a0 \u00a0 \u00a0 \u00a0\u00a0\u00a0| comunicaciones| Redes sociales[jr_instagram id=\"1\"]| Men\u00faInicioLaboratorio Cl\u00ednico Consulta de Resultados Cont\u00e1ctenos| Cont\u00e1ctenosLaboratorio: \u00a0 (313) 545 1835 \u00a0(57) (5) 358 8391 \u00a0(57) (5) 356 7024 Pruebas COVID-19: \u00a0 (323) 220 2431 Vacunaci\u00f3n: \u00a0 (313) 664 9692 \u00a0 (304) 657 4686\u00a0\u00a0 \u00a0(57) (5) 3571589 info@laboratorioabba.co Carrera 49C N\u00ba [&hellip;]","og_url":"https:\/\/laboratorioabba.co\/web\/comunicaciones\/","og_site_name":"Laboratorios ABBA","article_modified_time":"2021-11-17T17:49:07+00:00","og_image":[{"url":"http:\/\/laboratorioabba.co\/web\/wp-content\/uploads\/2020\/07\/laboratorio_abba_logo.png","type":"","width":"","height":""}],"twitter_card":"summary_large_image","twitter_misc":{"Tiempo de lectura":"5 minutos"},"schema":{"@context":"https:\/\/schema.org","@graph":[{"@type":"WebPage","@id":"https:\/\/laboratorioabba.co\/web\/comunicaciones\/","url":"https:\/\/laboratorioabba.co\/web\/comunicaciones\/","name":"Comunicaciones - Laboratorios ABBA","isPartOf":{"@id":"https:\/\/laboratorioabba.co\/web\/#website"},"primaryImageOfPage":{"@id":"https:\/\/laboratorioabba.co\/web\/comunicaciones\/#primaryimage"},"image":{"@id":"https:\/\/laboratorioabba.co\/web\/comunicaciones\/#primaryimage"},"thumbnailUrl":"http:\/\/laboratorioabba.co\/web\/wp-content\/uploads\/2020\/07\/laboratorio_abba_logo.png","datePublished":"2020-07-07T13:06:32+00:00","dateModified":"2021-11-17T17:49:07+00:00","breadcrumb":{"@id":"https:\/\/laboratorioabba.co\/web\/comunicaciones\/#breadcrumb"},"inLanguage":"es","potentialAction":[{"@type":"ReadAction","target":["https:\/\/laboratorioabba.co\/web\/comunicaciones\/"]}]},{"@type":"ImageObject","inLanguage":"es","@id":"https:\/\/laboratorioabba.co\/web\/comunicaciones\/#primaryimage","url":"https:\/\/laboratorioabba.co\/web\/wp-content\/uploads\/2020\/07\/laboratorio_abba_logo.png","contentUrl":"https:\/\/laboratorioabba.co\/web\/wp-content\/uploads\/2020\/07\/laboratorio_abba_logo.png","width":532,"height":117,"caption":"Laboratorio ABBA"},{"@type":"BreadcrumbList","@id":"https:\/\/laboratorioabba.co\/web\/comunicaciones\/#breadcrumb","itemListElement":[{"@type":"ListItem","position":1,"name":"Portada","item":"https:\/\/laboratorioabba.co\/web\/"},{"@type":"ListItem","position":2,"name":"Comunicaciones"}]},{"@type":"WebSite","@id":"https:\/\/laboratorioabba.co\/web\/#website","url":"https:\/\/laboratorioabba.co\/web\/","name":"Laboratorios ABBA","description":"Laboratorio cl&iacute;nico en Barranquilla","potentialAction":[{"@type":"SearchAction","target":{"@type":"EntryPoint","urlTemplate":"https:\/\/laboratorioabba.co\/web\/?s={search_term_string}"},"query-input":{"@type":"PropertyValueSpecification","valueRequired":true,"valueName":"search_term_string"}}],"inLanguage":"es"}]}},"_links":{"self":[{"href":"https:\/\/laboratorioabba.co\/web\/wp-json\/wp\/v2\/pages\/44","targetHints":{"allow":["GET"]}}],"collection":[{"href":"https:\/\/laboratorioabba.co\/web\/wp-json\/wp\/v2\/pages"}],"about":[{"href":"https:\/\/laboratorioabba.co\/web\/wp-json\/wp\/v2\/types\/page"}],"author":[{"embeddable":true,"href":"https:\/\/laboratorioabba.co\/web\/wp-json\/wp\/v2\/users\/3"}],"replies":[{"embeddable":true,"href":"https:\/\/laboratorioabba.co\/web\/wp-json\/wp\/v2\/comments?post=44"}],"version-history":[{"count":16,"href":"https:\/\/laboratorioabba.co\/web\/wp-json\/wp\/v2\/pages\/44\/revisions"}],"predecessor-version":[{"id":1199,"href":"https:\/\/laboratorioabba.co\/web\/wp-json\/wp\/v2\/pages\/44\/revisions\/1199"}],"wp:attachment":[{"href":"https:\/\/laboratorioabba.co\/web\/wp-json\/wp\/v2\/media?parent=44"}],"curies":[{"name":"wp","href":"https:\/\/api.w.org\/{rel}","templated":true}]}}